(5 + -6). Suppose 8 = -2*s, y*i + 0*i = 5*s + 59. Suppose 4 = -n + 3, -3*r = -n - i. What is the highest common factor of 12 and r?
4
Let r(w) = 3*w**2 - 13*w + 23. Let i be r(7). Let a = -40 + i. What is the greatest common divisor of 156 and a?
39
Suppose 0 = 4*c + 5*p - 409, -c - 2*c + 293 = p. Let l(i) = -2*i**3 - 20*i**2 - 2*i - 8. Let x be l(-10). Calculate the greatest common factor of x and c.
12
Let r be ((-1)/(-3))/((-8)/(-1824)). Let g = 160 - r. Calculate the greatest common factor of 12 and g.
12
Let l(h) = -40*h - 467. Let a be l(-12). Calculate the highest common factor of 1365 and a.
13
Let m(y) = -2*y + 17. Let h be m(6). Let x(u) = u**3 - 4*u**2 - 6*u + 11. Let b be x(h). What is the highest common divisor of b and 18?
6
Let g = 49 + -13. Let a(u) = 5*u - 11. Let c be a(3). Calculate the greatest common factor of c and g.
4
Suppose -4*m = 2*s + 134, 5*m - 5*s + 58 = -102. Let n = m + 72. Calculate the highest common factor of 13 and n.
13
Let q be (-1096)/(-10) - 8/(-20). What is the highest common divisor of q and 44?
22
Let l(b) = -b + 9. Let h be l(8). Let r = h + 9. Let j = r - 6. Calculate the highest common divisor of j and 2.
2
Let r(t) = -t**3 - 13*t**2 + 5*t + 39. Let a be r(-14). What is the highest common factor of 33 and a?
33
Let i(m) = m - 2. Let n be i(3). Let t(a) = -a**3 - 2*a**2 - 4*a - 5. Let h be t(-3). Calculate the greatest common divisor of h and n.
1
Let d(t) = 149*t - 5. Let o be d(2). Suppose -303 = -3*a - 3*r, 3*a + 0*r - 2*r = o. What is the greatest common factor of a and 9?
9
Suppose -3*j = -s + 23, 3 - 1 = -2*j. Suppose s = 3*o - o. Let x be 9/((-126)/(-4)) - 1536/(-14). What is the greatest common factor of x and o?
10
Suppose 2*b = b - 1, 4*k = 3*b - 381. Let s be 27/(-12)*k/3. Calculate the greatest common divisor of 8 and s.
8
Suppose 0*b + 5*b - 130 = 0. Let k = b - -158. Calculate the greatest common factor of k and 23.
23
Suppose -t + 3*k = -k - 60, 0 = 5*t - 2*k - 354. Suppose -3*j + 78 = 2*n + 22, 4*n - t = -4*j. Let w = 0 + 5. Calculate the greatest common divisor of w and j.
5
Let a(s) = -s**2 + 9*s - 3. Let d be a(8). Suppose -53 = -5*q - 3*z, -d*q + z + 64 = -5. Calculate the greatest common divisor of q and 143.
13
Let b be (-3)/((-22)/16 - -1). Suppose 0 = -4*q + 5*o + 38, 4*o - 20 = -q - 0*o. Suppose -16*l + q = -10*l. What is the greatest common divisor of l and b?
2
Suppose 5*f + p - 4786 = 0, 273 = -f - p + 1231. Calculate the greatest common factor of f and 33.
33
Let g(y) = y**2 - 24*y - 20. Let n be g(27). Let s = n - 49. Calculate the greatest common divisor of s and 6.
6
Suppose -4*j - q = -167, 0 = -0*j + 5*j - 3*q - 213. Calculate the highest common divisor of j and 182.
14
Suppose 11*x + 12 = 15*x. Suppose -x*h + 55 = -a, 0 = -5*h - 5*a - 25 + 110. What is the highest common factor of h and 9?
9
Suppose 7*z = 2*z + 15, -3*t + 4*z = -39. What is the greatest common factor of 119 and t?
17
Suppose x = -x. Suppose -3*h = 2*h - 2*m - 256, x = h - 2*m - 56. Suppose 3*r - h = -2*d, 2*r - 35 = -0*d - d. What is the highest common divisor of 5 and r?
5
Let i = -60 + 127. Suppose -257 = -10*s - i. Calculate the highest common divisor of s and 38.
19
Let g = 6 + -1. Suppose 2*h + h = -2*r + 42, -8 = -r + g*h. What is the greatest common factor of r and 45?
9
Let x be (-3)/((-12)/(-478))*2. Let v = -170 - x. Calculate the greatest common factor of v and 46.
23
Let t be -2*4/16*0 - -195. What is the greatest common divisor of 39 and t?
39
Let i(k) = 3*k + 31. Let h be i(-7). What is the highest common divisor of 25 and h?
5
Suppose -65*l = -75*l + 1500. What is the highest common factor of l and 50?
50
Let n(q) = q**2 + 7*q + 2. Let j be n(-9). Suppose 5*w + j = 25. Calculate the greatest common divisor of 5 and w.
1
Let s be ((-36)/(-8) - 4)*6. Suppose s*y + 2 - 11 = 0. Suppose 0 = -9*o + y*o + 138. Calculate the greatest common factor of 69 and o.
23
Let n(m) = 2*m**3 - 48*m**2 - 36*m - 8. Let p be n(26). What is the greatest common divisor of 55 and p?
55
Let n(c) = -3*c**3 - 3*c**2 - 2*c - 4. Let j be n(-3). Suppose 0 = -52*p + 12*p + 3360. What is the highest common factor of p and j?
28
Suppose -4*b + 4*g = -44 - 64, 0 = b + 4*g - 17. Calculate the greatest common factor of b and 450.
25
Suppose -41 + 25 = -4*x. Let r be 1 + x/6*6. What is the highest common factor of 20 and r?
5
Let i(h) = 6*h - 10. Suppose k + 4 + 3 = 0. Let d(g) = g + 11. Let p be d(k). Let t be i(p). Calculate the greatest common factor of t and 112.
14
Let u(t) = 50*t**2 - 8*t + 15. Let d be u(4). Calculate the greatest common divisor of d and 29.
29
Let q(b) = b + 5. Let t be q(-7). Let l be (-55)/(-15) - t/6. Suppose l*j + 0*v = -2*v + 178, -4*j = v - 173. Calculate the highest common factor of 28 and j.
14
Let s = 559 + -273. Calculate the highest common factor of 26 and s.
26
Let s be ((-254)/(-381))/((-1)/(-1365)). Calculate the greatest common factor of 13 and s.
13
Suppose 0 = d - 0*d - 11. Let j be ((-24)/(-32))/(1/(-52)). Let m = j + 72. What is the highest common divisor of m and d?
11
Suppose -2*n - c + 101 = 0, 3*c - 195 = -4*n + 8*c. What is the highest common factor of n and 40?
10
Suppose -62*h = -18946 - 5296. What is the highest common factor of h and 68?
17
Let b = -44 + 79. What is the greatest common factor of 14 and b?
7
Suppose 2*p + f = p - 12, 5*p = 5*f - 90. Let j(b) = b + 52. Let t be j(p). What is the greatest common divisor of t and 333?
37
Let o be ((-6)/(-9) - 1)*-6. Suppose -o*x + x - 20 = 0. Let v be (-8)/x + (-1123)/(-5). Calculate the highest common factor of v and 25.
25
Suppose 2*l + 0*l - 6 = 0. Suppose -f = l*f - 44. Calculate the greatest common factor of f and 11.
11
Let a be -5 + (19 - 8) + (-10)/2. What is the highest common divisor of a and 2?
1
Let w = -70 - -130. Calculate the greatest common factor of 20 and w.
20
Let v(d) be the second derivative of -d**5/20 - d**4/12 - 3*d**2/2 - 10*d. Let q be v(-3). What is the greatest common factor of q and 30?
15
Let t(f) = 18*f - 8. Let c be t(2). Suppose 2*p + 4*v = 42, 2*p - 2*v = c + 14. Let s be 81 + 5/((-10)/(-6)). What is the highest common factor of p and s?
21
Suppose 84 = -335*l + 339*l. What is the greatest common divisor of l and 861?
21
Suppose 0 = 3*b - 120 + 6. Suppose -b = -0*r - 2*r. What is the greatest common factor of r and 133?
19
Let p be 21/(-49) + (-156)/(-21). Suppose -p*i - 8 = -36. Calculate the greatest common factor of 12 and i.
4
Let w be (-1)/(-4) - (-118)/8. Let o(r) = r**3 + 3*r**2 + r + 4. Let j be o(-3). Let k = w + j. What is the highest common divisor of k and 2?
2
Suppose 12*o - 50 - 22 = 0. What is the greatest common factor of 192 and o?
6
Suppose 0 = -3*x - 4*m + 5831, 2*m - 10516 = -5*x - 821. Calculate the greatest common factor of x and 149.
149
Suppose 5*f = 5*w + 35, -3*f + f + 3*w = -10. Suppose 7*a + 24 = f*a. Calculate the highest common divisor of a and 30.
6
Let z = -1499 + 1565. What is the highest common factor of 154 and z?
22
Suppose 0 = c - 5*c. Let l be c + 8 - (-2 - -4). Suppose -7 = 5*g - l*g. What is the greatest common factor of g and 7?
7
Let b be (-6)/15 - (1 + (-1327)/5). Calculate the highest common divisor of 168 and b.
24
Suppose 3*o - 37 = -2*n + 7, -4*o = 5*n - 68. Calculate the highest common factor of o and 300.
12
Let w = -8 - -11. Let m(v) = 5 - w*v**3 + 3*v**3 + 6*v**2 - 8*v - 2*v**3 + 3*v**3. Let s be m(-7). What is the highest common divisor of 84 and s?
12
Let x be 1/(-2) - -2*(-742)/(-56). Calculate the greatest common divisor of x and 221.
13
Suppose 2*z + 10 - 38 = -4*b, 5*z = 2*b - 38. What is the greatest common factor of 351 and b?
9
Let w = 36 - 21. Suppose 4*g = -9 - w. Let o be g/(-1) - (5 + -6). Calculate the highest common factor of o and 21.
7
Let f be (-13)/2*(3 + -1). Let u = f + 15. Suppose i + 9 = u*i. Calculate the highest common divisor of i and 9.
9
Let b(o) = 53*o + 47. Let l be b(-3). Let g = -102 - l. Let z = 2 + 2. What is the greatest common factor of z and g?
2
Suppose -7*k + 7 = -7. Suppose -2*p - 32 = -4*t, 2*p + k*p = -2*t + 36. Let f be (-722)/(-8) - -5*(-4)/80. Calculate the greatest common divisor of f and t.
10
Suppose -2296 = 2*s - 10*s. What is the highest common divisor of 82 and s?
41
Let i = 2809 - 16